{"id":166,"date":"2025-04-18T16:04:59","date_gmt":"2025-04-18T16:04:59","guid":{"rendered":"https:\/\/studio-kjeld.de\/?page_id=166"},"modified":"2025-11-03T13:33:42","modified_gmt":"2025-11-03T13:33:42","slug":"impressum","status":"publish","type":"page","link":"https:\/\/studio-kjeld.de\/?page_id=166","title":{"rendered":"Impressum"},"content":{"rendered":"<div data-colibri-id=\"166-c1\" class=\"style-592 style-local-166-c1 position-relative\">\n  <!---->\n  <div data-colibri-component=\"section\" data-colibri-id=\"166-c2\" id=\"contact\" class=\"h-section h-section-global-spacing d-flex align-items-lg-center align-items-md-center align-items-center style-593 style-local-166-c2 position-relative\">\n    <!---->\n    <!---->\n    <div class=\"h-section-grid-container h-section-fluid-container\">\n      <!---->\n      <div data-colibri-id=\"166-c3\" class=\"h-row-container gutters-row-lg-0 gutters-row-md-0 gutters-row-0 gutters-row-v-lg-0 gutters-row-v-md-0 gutters-row-v-0 style-594 style-local-166-c3 position-relative\">\n        <!---->\n        <div class=\"h-row justify-content-lg-center justify-content-md-center justify-content-center align-items-lg-stretch align-items-md-stretch align-items-stretch gutters-col-lg-0 gutters-col-md-0 gutters-col-0 gutters-col-v-lg-0 gutters-col-v-md-0 gutters-col-v-0\">\n          <!---->\n          <div class=\"h-column h-column-container d-flex h-col-lg-auto h-col-md-auto h-col-auto style-595-outer style-local-166-c4-outer\">\n            <div data-colibri-id=\"166-c4\" class=\"d-flex h-flex-basis h-column__inner h-ui-empty-state-container h-px-lg-0 h-px-md-0 h-px-0 v-inner-lg-0 v-inner-md-0 v-inner-0 style-595 style-local-166-c4 position-relative\">\n              <!---->\n              <!---->\n              <div class=\"w-100 h-y-container h-column__content h-column__v-align flex-basis-100\">\n                <!---->\n              <\/div>\n            <\/div>\n          <\/div>\n          <div class=\"h-column h-column-container d-flex h-col-lg-auto h-col-md-auto h-col-auto style-596-outer style-local-166-c5-outer\">\n            <div data-colibri-id=\"166-c5\" class=\"d-flex h-flex-basis h-column__inner h-px-lg-3 h-px-md-3 h-px-3 v-inner-lg-3 v-inner-md-3 v-inner-3 style-596 style-local-166-c5 position-relative\">\n              <!---->\n              <!---->\n              <div class=\"w-100 h-y-container h-column__content h-column__v-align flex-basis-100 align-self-lg-center align-self-md-center align-self-center\">\n                <!---->\n                <div data-colibri-id=\"166-c6\" class=\"h-global-transition-all h-heading style-597 style-local-166-c6 position-relative h-element\">\n                  <!---->\n                  <div class=\"h-heading__outer style-597 style-local-166-c6\">\n                    <!---->\n                    <!---->\n                    <h2 class=\"\">Impressum<\/h2>\n                  <\/div>\n                <\/div>\n                <div data-colibri-id=\"166-c7\" class=\"h-text h-text-component style-598 style-local-166-c7 position-relative h-element\">\n                  <!---->\n                  <!---->\n                  <div class=\"\">\n                    <p>Ich freue mich \u00fcber Ihr Interesse an meinem Beratungs- und Dienstleistungsangebot.\n                      <br>F\u00fcr Ihre Anliegen kontaktieren Sie mich gerne \u00fcber das integrierte Kontaktformular, die hinterlegte Mailadresse oder die angegebene Mobilnummer (gerne per WhatsApp) um eine reibungslose Abwicklung Ihrer Anfrage zu gew\u00e4hrleisten.<\/p>\n                  <\/div>\n                <\/div>\n                <div data-colibri-id=\"166-c8\" class=\"icon-list d-flex justify-content-lg-start justify-content-md-start justify-content-center style-599 style-local-166-c8 position-relative h-element\">\n                  <!---->\n                  <ul class=\"ul-list-icon vertical-on-desktop vertical-on-tablet vertical-on-mobile justify-content-lg-start justify-content-md-start justify-content-center\">\n                    <!---->\n                    <li class=\"list-item no-gutters\">\n                      <!---->\n                      <div class=\"list-container-divider d-flex justify-content-lg-start justify-content-md-start justify-content-center first-el-spacer\"><\/div> <span class=\"item-link no-gutters\"><div class=\"d-flex h-col no-gutters align-items-lg-center align-items-md-center align-items-center list-item-text-wrapper\"><div class=\"d-flex\"><span  class=\"h-svg-icon style-599-icon style-local-166-c8-icon\"><!--Icon by Font Awesome (https:\/\/fontawesome.com)-->\n    <svg version=\"1.1\" xmlns=\"http:\/\/www.w3.org\/2000\/svg\" xmlns:xlink=\"http:\/\/www.w3.org\/1999\/xlink\" id=\"user\" viewBox=\"0 0 1354.8114 1896.0833\">\n      <path d=\"M1280 1399q0 109-62.5 187t-150.5 78H213q-88 0-150.5-78T0 1399q0-85 8.5-160.5t31.5-152 58.5-131 94-89T327 832q131 128 313 128t313-128q76 0 134.5 34.5t94 89 58.5 131 31.5 152 8.5 160.5zm-256-887q0 159-112.5 271.5T640 896 368.5 783.5 256 512t112.5-271.5T640 128t271.5 112.5T1024 512z\"><\/path>\n    <\/svg><\/span><\/div> <span class=\"list-text d-block\"><span>Kjeld &#8211; Studio f\u00fcr Text und Pr\u00e4senz<\/span><\/span>\n              <\/div>\n              <\/span>\n              <div class=\"list-container-divider d-flex justify-content-lg-start justify-content-md-start justify-content-center\">\n                <!---->\n              <\/div>\n              <\/li>\n              <li class=\"list-item no-gutters\">\n                <!---->\n                <!---->\n                <a href=\"tel:015756606626\" h-use-smooth-scroll=\"true\" class=\"item-link no-gutters\">\n                  <div class=\"d-flex h-col no-gutters align-items-lg-center align-items-md-center align-items-center list-item-text-wrapper\">\n                    <div class=\"d-flex\"><span class=\"h-svg-icon style-599-icon style-local-166-c8-icon\"><!--Icon by Icons8 Line Awesome (https:\/\/icons8.com\/line-awesome)--><svg version=\"1.1\" xmlns=\"http:\/\/www.w3.org\/2000\/svg\" xmlns:xlink=\"http:\/\/www.w3.org\/1999\/xlink\" id=\"phone\" viewBox=\"0 0 512 545.5\"><path d=\"M138.5 80c8.375 0 16.656 3.024 23.5 8.5l1 .5.5.5 64 66 1.5 1.5-.5.5c14.174 13.212 13.968 35.53.5 49l-32 32c4.92 11.277 18.33 40.02 44.5 65 26.358 25.16 53.932 39.467 65.5 45l31.5-31.5.5-.5c13.28-13.28 36.72-13.28 50 0l.5 1 65 65c13.28 13.28 13.28 36.22 0 49.5L405 481.5l-.5.5-.5.5c-15.01 12.867-36.04 17.486-55.5 11h-.5c-37.55-14.693-113.51-48.01-181.5-116C98.773 309.773 64.052 234.84 50.5 196c-.035-.1.034-.4 0-.5-6.703-18.434-1.915-39.738 13.5-54l-.5-.5 50-51.5.5-.5 1-.5c6.844-5.476 15.125-8.5 23.5-8.5zm0 32c-1.172 0-2.344.575-3.5 1.5L86.5 163l-.5.5-.5.5c-5.674 4.863-7.44 14.493-5 21 12.12 34.847 45.2 106.7 108.5 170 62.784 62.784 133.224 93.76 169.5 108 9.34 3.113 17.11 1.833 24.5-4.5l49-49c2.72-2.72 2.72-1.78 0-4.5l-65.5-65.5c-2.72-2.72-2.28-2.72-5 0l-40 40-7.5 7.5-10-4.5s-43.83-18.552-81-52.5l-3.5-3c-38.595-36.84-57-86-57-86l-3.5-10 7.5-7 40-40c1.966-1.966.874-3.6 1-3.5l-.5-.5-1-1-64-65.5c-1.156-.925-2.328-1.5-3.5-1.5z\"><\/path><\/svg><\/span><\/div>\n                    <span class=\"list-text d-block\"><span>015756606626<\/span><\/span>\n                  <\/div>\n                <\/a>\n                <div class=\"list-container-divider d-flex justify-content-lg-start justify-content-md-start justify-content-center\">\n                  <!---->\n                <\/div>\n              <\/li>\n              <li class=\"list-item no-gutters\">\n                <!---->\n                <!---->\n                <a href=\"mailto:hallo@studio-kjeld.de?subject=Anfrage%20zu%20Betreuung%20via%20Studio-Kjeld.de&amp;body=Guten%20Tag%20Kjeld%20Zimmermann,%0D%0A%0D%0Aich%20habe%20Interesse%20an%20weiteren%20Informationen%20zu%20Ihrer%20Betreuung,%20bitte%20kontaktieren%20Sie%20mich.%0D%0A%0D%0AVielen%20Dank.\"\n                  h-use-smooth-scroll=\"true\" class=\"item-link no-gutters\">\n                  <div class=\"d-flex h-col no-gutters align-items-lg-center align-items-md-center align-items-center list-item-text-wrapper\">\n                    <div class=\"d-flex\"><span class=\"h-svg-icon style-599-icon style-local-166-c8-icon\"><!--Icon by Icons8 Line Awesome (https:\/\/icons8.com\/line-awesome)--><svg version=\"1.1\" xmlns=\"http:\/\/www.w3.org\/2000\/svg\" xmlns:xlink=\"http:\/\/www.w3.org\/1999\/xlink\" id=\"envelope\" viewBox=\"0 0 512 545.5\"><path d=\"M48 160h416v288H48V160zm69 32l139 92.5L395 192H117zm-37 14v210h352V206L265 317.5l-9 5.5-9-5.5z\"><\/path><\/svg><\/span><\/div>\n                    <span class=\"list-text d-block\"><span>Hallo@studio-kjeld.de<\/span><\/span>\n                  <\/div>\n                <\/a>\n                <div class=\"list-container-divider d-flex justify-content-lg-start justify-content-md-start justify-content-center\">\n                  <!---->\n                <\/div>\n              <\/li>\n              <li class=\"list-item no-gutters\">\n                <!---->\n                <!----><span class=\"item-link no-gutters\"><div class=\"d-flex h-col no-gutters align-items-lg-center align-items-md-center align-items-center list-item-text-wrapper\"><div class=\"d-flex\"><span  class=\"h-svg-icon style-599-icon style-local-166-c8-icon\"><!--Icon by Icons8 Line Awesome (https:\/\/icons8.com\/line-awesome)--><svg version=\"1.1\" xmlns=\"http:\/\/www.w3.org\/2000\/svg\" xmlns:xlink=\"http:\/\/www.w3.org\/1999\/xlink\" id=\"map-marker\" viewBox=\"0 0 512 545.5\"><path d=\"M256 80c79.336 0 144 64.664 144 144 0 22.5-9.116 48.313-21.5 76.5s-28.314 58.098-44.5 86C301.628 442.306 269 489 269 489l-13 19-13-19s-32.628-46.694-65-102.5c-16.186-27.902-32.116-57.813-44.5-86S112 246.5 112 224c0-79.336 64.664-144 144-144zm0 32c-62.04 0-112 49.96-112 112 0 12.844 6.884 37.06 18.5 63.5s27.686 55.738 43.5 83c25.155 43.364 40.74 66.3 50 80 9.26-13.7 24.845-36.636 50-80 15.815-27.262 31.884-56.56 43.5-83S368 236.844 368 224c0-62.04-49.96-112-112-112zm0 80c17.673 0 32 14.327 32 32s-14.327 32-32 32-32-14.327-32-32 14.327-32 32-32z\"><\/path><\/svg><\/span><\/div>\n            <span class=\"list-text d-block\"><span>Kjeld Zimmermann<br>Altenberger Str. 40<br>42929 Wermelskirchen<\/span><\/span>\n          <\/div>\n          <\/span>\n          <div class=\"list-container-divider d-flex justify-content-lg-start justify-content-md-start justify-content-center\">\n            <!---->\n          <\/div>\n          <\/li>\n          <li class=\"list-item no-gutters\">\n            <!---->\n            <!----><span class=\"item-link no-gutters\"><div class=\"d-flex h-col no-gutters align-items-lg-center align-items-md-center align-items-center list-item-text-wrapper\"><div class=\"d-flex\"><span  class=\"h-svg-icon style-599-icon style-local-166-c8-icon\"><!--Icon by Font Awesome (https:\/\/fontawesome.com)-->\n    <svg version=\"1.1\" xmlns=\"http:\/\/www.w3.org\/2000\/svg\" xmlns:xlink=\"http:\/\/www.w3.org\/1999\/xlink\" id=\"calculator\" viewBox=\"0 0 1792 1896.0833\">\n      <path d=\"M384 1536q0-53-37.5-90.5T256 1408t-90.5 37.5T128 1536t37.5 90.5T256 1664t90.5-37.5T384 1536zm384 0q0-53-37.5-90.5T640 1408t-90.5 37.5T512 1536t37.5 90.5T640 1664t90.5-37.5T768 1536zm-384-384q0-53-37.5-90.5T256 1024t-90.5 37.5T128 1152t37.5 90.5T256 1280t90.5-37.5T384 1152zm768 384q0-53-37.5-90.5T1024 1408t-90.5 37.5T896 1536t37.5 90.5 90.5 37.5 90.5-37.5 37.5-90.5zm-384-384q0-53-37.5-90.5T640 1024t-90.5 37.5T512 1152t37.5 90.5T640 1280t90.5-37.5T768 1152zM384 768q0-53-37.5-90.5T256 640t-90.5 37.5T128 768t37.5 90.5T256 896t90.5-37.5T384 768zm768 384q0-53-37.5-90.5T1024 1024t-90.5 37.5T896 1152t37.5 90.5 90.5 37.5 90.5-37.5 37.5-90.5zM768 768q0-53-37.5-90.5T640 640t-90.5 37.5T512 768t37.5 90.5T640 896t90.5-37.5T768 768zm768 768v-384q0-52-38-90t-90-38-90 38-38 90v384q0 52 38 90t90 38 90-38 38-90zm-384-768q0-53-37.5-90.5T1024 640t-90.5 37.5T896 768t37.5 90.5T1024 896t90.5-37.5T1152 768zm384-320V192q0-26-19-45t-45-19H192q-26 0-45 19t-19 45v256q0 26 19 45t45 19h1280q26 0 45-19t19-45zm0 320q0-53-37.5-90.5T1408 640t-90.5 37.5T1280 768t37.5 90.5T1408 896t90.5-37.5T1536 768zm128-640v1536q0 52-38 90t-90 38H128q-52 0-90-38t-38-90V128q0-52 38-90t90-38h1408q52 0 90 38t38 90z\"><\/path>\n    <\/svg><\/span><\/div> <span class=\"list-text d-block\"><span>Aufgrund Anwendung der Kleinunternehmerregelung gem. \u00a7 19 UStG ist f\u00fcr die angebotenen Dienstleistungen keine Umsatzsteuer auszuweisen.<\/span><\/span>\n      <\/div>\n      <\/span>\n      <div class=\"list-container-divider d-flex justify-content-lg-start justify-content-md-start justify-content-center\" style=\"display: none;\">\n        <!---->\n      <\/div>\n      <div class=\"list-container-divider d-flex justify-content-lg-start justify-content-md-start justify-content-center last-el-spacer\"><\/div>\n      <\/li>\n      <\/ul>\n    <\/div>\n  <\/div>\n<\/div>\n<\/div>\n<\/div>\n<\/div>\n<\/div>\n<\/div>\n<\/div>","protected":false},"excerpt":{"rendered":"<p>Impressum Ich freue mich \u00fcber Ihr Interesse an meinem Beratungs- und Dienstleistungsangebot. F\u00fcr [&hellip;]<\/p>\n","protected":false},"author":1,"featured_media":0,"parent":82,"menu_order":0,"comment_status":"closed","ping_status":"closed","template":"page-templates\/full-width-page.php","meta":{"footnotes":""},"class_list":["post-166","page","type-page","status-publish","hentry"],"yoast_head":"<!-- This site is optimized with the Yoast SEO plugin v26.0 - https:\/\/yoast.com\/wordpress\/plugins\/seo\/ -->\n<title>Impressum - Kjeld - Studio f\u00fcr Text und Pr\u00e4senz<\/title>\n<meta name=\"robots\" content=\"index, follow, max-snippet:-1, max-image-preview:large, max-video-preview:-1\" \/>\n<link rel=\"canonical\" href=\"https:\/\/studio-kjeld.de\/?page_id=166\" \/>\n<meta property=\"og:locale\" content=\"de_DE\" \/>\n<meta property=\"og:type\" content=\"article\" \/>\n<meta property=\"og:title\" content=\"Impressum - Kjeld - Studio f\u00fcr Text und Pr\u00e4senz\" \/>\n<meta property=\"og:description\" content=\"Impressum Ich freue mich \u00fcber Ihr Interesse an meinem Beratungs- und Dienstleistungsangebot. F\u00fcr [&hellip;]\" \/>\n<meta property=\"og:url\" content=\"https:\/\/studio-kjeld.de\/?page_id=166\" \/>\n<meta property=\"og:site_name\" content=\"Kjeld - Studio f\u00fcr Text und Pr\u00e4senz\" \/>\n<meta property=\"article:modified_time\" content=\"2025-11-03T13:33:42+00:00\" \/>\n<meta name=\"twitter:card\" content=\"summary_large_image\" \/>\n<script type=\"application\/ld+json\" class=\"yoast-schema-graph\">{\"@context\":\"https:\/\/schema.org\",\"@graph\":[{\"@type\":\"WebPage\",\"@id\":\"https:\/\/studio-kjeld.de\/?page_id=166\",\"url\":\"https:\/\/studio-kjeld.de\/?page_id=166\",\"name\":\"Impressum - Kjeld - Studio f\u00fcr Text und Pr\u00e4senz\",\"isPartOf\":{\"@id\":\"https:\/\/studio-kjeld.de\/#website\"},\"datePublished\":\"2025-04-18T16:04:59+00:00\",\"dateModified\":\"2025-11-03T13:33:42+00:00\",\"breadcrumb\":{\"@id\":\"https:\/\/studio-kjeld.de\/?page_id=166#breadcrumb\"},\"inLanguage\":\"de\",\"potentialAction\":[{\"@type\":\"ReadAction\",\"target\":[\"https:\/\/studio-kjeld.de\/?page_id=166\"]}]},{\"@type\":\"BreadcrumbList\",\"@id\":\"https:\/\/studio-kjeld.de\/?page_id=166#breadcrumb\",\"itemListElement\":[{\"@type\":\"ListItem\",\"position\":1,\"name\":\"Startseite\",\"item\":\"https:\/\/studio-kjeld.de\/\"},{\"@type\":\"ListItem\",\"position\":2,\"name\":\"Home\",\"item\":\"https:\/\/studio-kjeld.de\/\"},{\"@type\":\"ListItem\",\"position\":3,\"name\":\"Impressum\"}]},{\"@type\":\"WebSite\",\"@id\":\"https:\/\/studio-kjeld.de\/#website\",\"url\":\"https:\/\/studio-kjeld.de\/\",\"name\":\"Kjeld - Studio f\u00fcr Text und Pr\u00e4senz\",\"description\":\"Worte mit Substanz. Pr\u00e4senz mit Haltung.\",\"publisher\":{\"@id\":\"https:\/\/studio-kjeld.de\/#organization\"},\"potentialAction\":[{\"@type\":\"SearchAction\",\"target\":{\"@type\":\"EntryPoint\",\"urlTemplate\":\"https:\/\/studio-kjeld.de\/?s={search_term_string}\"},\"query-input\":{\"@type\":\"PropertyValueSpecification\",\"valueRequired\":true,\"valueName\":\"search_term_string\"}}],\"inLanguage\":\"de\"},{\"@type\":\"Organization\",\"@id\":\"https:\/\/studio-kjeld.de\/#organization\",\"name\":\"Kjeld - Studio f\u00fcr Text und Pr\u00e4senz\",\"url\":\"https:\/\/studio-kjeld.de\/\",\"logo\":{\"@type\":\"ImageObject\",\"inLanguage\":\"de\",\"@id\":\"https:\/\/studio-kjeld.de\/#\/schema\/logo\/image\/\",\"url\":\"https:\/\/studio-kjeld.de\/wp-content\/uploads\/2025\/04\/cropped-cropped-Portrait-scaled-2-1.jpg\",\"contentUrl\":\"https:\/\/studio-kjeld.de\/wp-content\/uploads\/2025\/04\/cropped-cropped-Portrait-scaled-2-1.jpg\",\"width\":512,\"height\":512,\"caption\":\"Kjeld - Studio f\u00fcr Text und Pr\u00e4senz\"},\"image\":{\"@id\":\"https:\/\/studio-kjeld.de\/#\/schema\/logo\/image\/\"}}]}<\/script>\n<!-- \/ Yoast SEO plugin. -->","yoast_head_json":{"title":"Impressum - Kjeld - Studio f\u00fcr Text und Pr\u00e4senz","robots":{"index":"index","follow":"follow","max-snippet":"max-snippet:-1","max-image-preview":"max-image-preview:large","max-video-preview":"max-video-preview:-1"},"canonical":"https:\/\/studio-kjeld.de\/?page_id=166","og_locale":"de_DE","og_type":"article","og_title":"Impressum - Kjeld - Studio f\u00fcr Text und Pr\u00e4senz","og_description":"Impressum Ich freue mich \u00fcber Ihr Interesse an meinem Beratungs- und Dienstleistungsangebot. F\u00fcr [&hellip;]","og_url":"https:\/\/studio-kjeld.de\/?page_id=166","og_site_name":"Kjeld - Studio f\u00fcr Text und Pr\u00e4senz","article_modified_time":"2025-11-03T13:33:42+00:00","twitter_card":"summary_large_image","schema":{"@context":"https:\/\/schema.org","@graph":[{"@type":"WebPage","@id":"https:\/\/studio-kjeld.de\/?page_id=166","url":"https:\/\/studio-kjeld.de\/?page_id=166","name":"Impressum - Kjeld - Studio f\u00fcr Text und Pr\u00e4senz","isPartOf":{"@id":"https:\/\/studio-kjeld.de\/#website"},"datePublished":"2025-04-18T16:04:59+00:00","dateModified":"2025-11-03T13:33:42+00:00","breadcrumb":{"@id":"https:\/\/studio-kjeld.de\/?page_id=166#breadcrumb"},"inLanguage":"de","potentialAction":[{"@type":"ReadAction","target":["https:\/\/studio-kjeld.de\/?page_id=166"]}]},{"@type":"BreadcrumbList","@id":"https:\/\/studio-kjeld.de\/?page_id=166#breadcrumb","itemListElement":[{"@type":"ListItem","position":1,"name":"Startseite","item":"https:\/\/studio-kjeld.de\/"},{"@type":"ListItem","position":2,"name":"Home","item":"https:\/\/studio-kjeld.de\/"},{"@type":"ListItem","position":3,"name":"Impressum"}]},{"@type":"WebSite","@id":"https:\/\/studio-kjeld.de\/#website","url":"https:\/\/studio-kjeld.de\/","name":"Kjeld - Studio f\u00fcr Text und Pr\u00e4senz","description":"Worte mit Substanz. Pr\u00e4senz mit Haltung.","publisher":{"@id":"https:\/\/studio-kjeld.de\/#organization"},"potentialAction":[{"@type":"SearchAction","target":{"@type":"EntryPoint","urlTemplate":"https:\/\/studio-kjeld.de\/?s={search_term_string}"},"query-input":{"@type":"PropertyValueSpecification","valueRequired":true,"valueName":"search_term_string"}}],"inLanguage":"de"},{"@type":"Organization","@id":"https:\/\/studio-kjeld.de\/#organization","name":"Kjeld - Studio f\u00fcr Text und Pr\u00e4senz","url":"https:\/\/studio-kjeld.de\/","logo":{"@type":"ImageObject","inLanguage":"de","@id":"https:\/\/studio-kjeld.de\/#\/schema\/logo\/image\/","url":"https:\/\/studio-kjeld.de\/wp-content\/uploads\/2025\/04\/cropped-cropped-Portrait-scaled-2-1.jpg","contentUrl":"https:\/\/studio-kjeld.de\/wp-content\/uploads\/2025\/04\/cropped-cropped-Portrait-scaled-2-1.jpg","width":512,"height":512,"caption":"Kjeld - Studio f\u00fcr Text und Pr\u00e4senz"},"image":{"@id":"https:\/\/studio-kjeld.de\/#\/schema\/logo\/image\/"}}]}},"_links":{"self":[{"href":"https:\/\/studio-kjeld.de\/index.php?rest_route=\/wp\/v2\/pages\/166","targetHints":{"allow":["GET"]}}],"collection":[{"href":"https:\/\/studio-kjeld.de\/index.php?rest_route=\/wp\/v2\/pages"}],"about":[{"href":"https:\/\/studio-kjeld.de\/index.php?rest_route=\/wp\/v2\/types\/page"}],"author":[{"embeddable":true,"href":"https:\/\/studio-kjeld.de\/index.php?rest_route=\/wp\/v2\/users\/1"}],"replies":[{"embeddable":true,"href":"https:\/\/studio-kjeld.de\/index.php?rest_route=%2Fwp%2Fv2%2Fcomments&post=166"}],"version-history":[{"count":8,"href":"https:\/\/studio-kjeld.de\/index.php?rest_route=\/wp\/v2\/pages\/166\/revisions"}],"predecessor-version":[{"id":574,"href":"https:\/\/studio-kjeld.de\/index.php?rest_route=\/wp\/v2\/pages\/166\/revisions\/574"}],"up":[{"embeddable":true,"href":"https:\/\/studio-kjeld.de\/index.php?rest_route=\/wp\/v2\/pages\/82"}],"wp:attachment":[{"href":"https:\/\/studio-kjeld.de\/index.php?rest_route=%2Fwp%2Fv2%2Fmedia&parent=166"}],"curies":[{"name":"wp","href":"https:\/\/api.w.org\/{rel}","templated":true}]}}